{"id":15,"date":"2021-01-23T13:41:06","date_gmt":"2021-01-23T16:41:06","guid":{"rendered":"http:\/\/seucreditorapido.online\/?page_id=15"},"modified":"2023-09-20T14:46:55","modified_gmt":"2023-09-20T17:46:55","slug":"sobre","status":"publish","type":"page","link":"https:\/\/aquinoticias.online\/index.php\/sobre\/","title":{"rendered":"Sobre"},"content":{"rendered":"\n<p>Seja bem vindo ao nosso site. Aqui voc\u00ea encontrar\u00e1 diversas Informa\u00e7\u00f5es, Noticias e novidades da Web a todo momento !!!<\/p>\n\n\n\n<p>Navegue a vontade em nosso site! <\/p>\n\n\n\n<p>Quer se tornar membro do nosso site? tem alguma duvida sobre? para mais informa\u00e7\u00f5es nos contate por E-mail pelo formul\u00e1rio ()<\/p>\n","protected":false},"excerpt":{"rendered":"<p>Seja bem vindo ao nosso site. Aqui voc\u00ea encontrar\u00e1 diversas Informa\u00e7\u00f5es, Noticias e novidades da Web a todo momento !!!<\/p>\n","protected":false},"author":1,"featured_media":0,"parent":0,"menu_order":0,"comment_status":"closed","ping_status":"closed","template":"","meta":{"colormag_page_container_layout":"default_layout","colormag_page_sidebar_layout":"default_layout","footnotes":""},"class_list":["post-15","page","type-page","status-publish","hentry"],"aioseo_notices":[],"_links":{"self":[{"href":"https:\/\/aquinoticias.online\/index.php\/wp-json\/wp\/v2\/pages\/15","targetHints":{"allow":["GET"]}}],"collection":[{"href":"https:\/\/aquinoticias.online\/index.php\/wp-json\/wp\/v2\/pages"}],"about":[{"href":"https:\/\/aquinoticias.online\/index.php\/wp-json\/wp\/v2\/types\/page"}],"author":[{"embeddable":true,"href":"https:\/\/aquinoticias.online\/index.php\/wp-json\/wp\/v2\/users\/1"}],"replies":[{"embeddable":true,"href":"https:\/\/aquinoticias.online\/index.php\/wp-json\/wp\/v2\/comments?post=15"}],"version-history":[{"count":3,"href":"https:\/\/aquinoticias.online\/index.php\/wp-json\/wp\/v2\/pages\/15\/revisions"}],"predecessor-version":[{"id":501,"href":"https:\/\/aquinoticias.online\/index.php\/wp-json\/wp\/v2\/pages\/15\/revisions\/501"}],"wp:attachment":[{"href":"https:\/\/aquinoticias.online\/index.php\/wp-json\/wp\/v2\/media?parent=15"}],"curies":[{"name":"wp","href":"https:\/\/api.w.org\/{rel}","templated":true}]}}